 1). Suppose w*j = 5*k + 50, -k - k = -3*j + 32. Calculate the highest common divisor of 4 and j.
4
Let b(a) = 5*a**2 - a + 2. Let r be b(-2). Let c be (-8)/(-44) - 1054/(-11). What is the highest common factor of r and c?
24
Let l be (-96)/(-21) + 6/14. Suppose -n + 21 = -r - 19, -4*r + 245 = l*n. Calculate the greatest common divisor of n and 30.
15
Let q be (-93)/(-18) + 4 - (-1)/(-6). Suppose -2*g + 1 = -5. Calculate the greatest common factor of g and q.
3
Let u = 13 - 8. Suppose -4*s + 176 = r, -2*s - r + 106 = -u*r. Let j(l) = -l**2 - 8*l + 3. Let q be j(-6). What is the greatest common factor of q and s?
15
Let l(q) = -q**3 - 10*q**2 + 9*q - 1. Let w be l(-11). Calculate the greatest common factor of 63 and w.
21
Let y(a) be the first derivative of a**4/4 + 7*a**3/3 + 3*a**2/2 - 2*a + 1. Let k be y(-6). What is the highest common factor of 2 and k?
2
Let x(s) = s**3 + 8*s**2 - s - 6. Let i be x(-6). Let a be 10/(-4)*i/(-20). Let w be a*(-3 - 13/(-3)). Calculate the highest common divisor of w and 48.
12
Let p be (-2)/3*54/(-4). Let v be 3/(-2 - 10/(-8)). Let o(y) = -2*y**3 - 4*y**2 + 5*y + 1. Let f be o(v). Calculate the highest common divisor of p and f.
9
Suppose -u - 4*u + g = -284, 0 = -2*u - 3*g + 100. What is the highest common divisor of u and 7?
7
Suppose 4*f + 0*f - 36 = 0. What is the highest common factor of 3 and f?
3
Let m(t) = -20*t - 17. Let y(v) = -v**2 - v - 2. Let z be y(-3). Let r be m(z). Calculate the greatest common factor of r and 13.
13
Suppose 0 = -4*u - l + 22 - 5, 0 = -4*u - 3*l + 27. What is the highest common factor of 9 and u?
3
Suppose 0*j - 3*j = -9, 0 = 5*x - 2*j - 164. What is the greatest common factor of 85 and x?
17
Let f = -4 - -7. What is the highest common factor of f and 12?
3
Suppose 4*b = 3*y + 24 + 54, 0 = -4*b - y + 86. What is the highest common divisor of 42 and b?
21
Suppose 3*t = t - 6, -2*v - 14 = -2*t. Let k be (v/15)/(2/(-18)). Calculate the greatest common divisor of k and 48.
6
Let u(p) = -p**2 + 6*p. Let k be u(6). Suppose 0 = -k*i - i + 22. Let v be (-11)/(1 + (-12)/10). What is the highest common factor of i and v?
11
Let o be ((-34)/4)/((-18)/12)*3. Calculate the greatest common divisor of 34 and o.
17
Let i(u) = 128*u. Let x be i(1). Calculate the greatest common factor of x and 16.
16
Suppose b + 2*b + 12 = 0. Let z(w) = -9*w - 5. Let g be z(b). Calculate the greatest common divisor of 31 and g.
31
Let y(s) = 2 + 5*s**2 - 6 + 3. Let l be y(1). Let w be -6*l/((-12)/9). What is the highest common divisor of w and 9?
9
Let m = -14 + 16. Calculate the highest common factor of 14 and m.
2
Let k = -4 + 6. Let i be k/(-4)*(-72)/(-3). Let f = i + 61. Calculate the highest common divisor of f and 7.
7
Let w = 4 + -3. Let p be (9 + 156)*(w - 0). Calculate the greatest common divisor of 15 and p.
15
Let x(w) = -2*w - 5. Let b be x(-5). Suppose 85 = b*l - 3*v, -3 = -2*l - 0*v - 5*v. Calculate the highest common divisor of 2 and l.
2
Let v(f) = -9*f**2 + f + 14. Let u(k) = 5*k**2 - 7. Let l(s) = 11*u(s) + 6*v(s). Let j be l(-5). What is the greatest common divisor of 1 and j?
1
Let f be (1 - 154)*2/(-6). Suppose 5*b = f + 104. Let z = 1 + b. What is the greatest common divisor of 16 and z?
16
Let q = 72 - -60. Let a(c) be the first derivative of -c**4/4 + c**3 + 3*c**2/2 + 3*c - 4. Let k be a(3). Calculate the highest common factor of k and q.
12
Let d be (((-315)/14)/(-3))/(1/2). Calculate the highest common divisor of d and 285.
15
Let o = 200 - 101. Let v be 6 + (-7 - -3 - -7). Calculate the highest common divisor of v and o.
9
Let k = -3 + 7. Suppose 3*a = k*a - 14. Let x = 7 - -63. What is the highest common divisor of x and a?
14
Let p = 0 - -2. Suppose -p*x + 0*x = 0. Suppose -199 = -4*l - x*l + 3*f, 5*f - 93 = -2*l. What is the greatest common factor of l and 7?
7
Let r = 109 - 81. Calculate the highest common factor of 16 and r.
4
Let a be (-9)/3 + 93 + 0 + -2. Calculate the greatest common factor of a and 220.
44
Suppose 5*u - 243 = 2*u. What is the highest common divisor of 54 and u?
27
Suppose p - 4*p = -6. Suppose p*u + 5*l = 239, -5*l + 0*l = 3*u - 356. What is the highest common factor of u and 13?
13
Suppose 0 = 5*f - 2 - 28. Calculate the greatest common factor of 54 and f.
6
Let u be 0 - (1 - 6*1). Let o = -3 + u. Calculate the greatest common factor of o and 4.
2
Let i = 52 + -87. Let n be 7/i + (-602)/(-10). What is the highest common factor of n and 20?
20
Suppose 0 = 4*r - 0 - 4. Let z = -9 - -4. Let q = -3 - z. What is the greatest common divisor of r and q?
1
Suppose -k + 11 = -21. What is the highest common divisor of k and 80?
16
Suppose -3*w = -0*w - 168. What is the highest common factor of w and 8?
8
Let s(w) be the second derivative of w**3/2 + 3*w**2 - 8*w. Let m be s(0). Let y(v) = -3*v - 1. Let p be y(-1). Calculate the greatest common factor of p and m.
2
Let b be 15*((-88)/40 + 3). Suppose 15 = x + 6*h - 2*h, 0 = 2*x - 3*h - 19. Suppose l - 1 = x. Calculate the greatest common factor of b and l.
12
Let o = -148 + 379. What is the highest common factor of 21 and o?
21
Let q be (-68)/(-6) + (-4)/(-6). Suppose -4*h + h = -4*v + 159, 2*h + 3*v + 106 = 0. Let u = 83 + h. Calculate the greatest common divisor of u and q.
6
Suppose 3*y = -t + 112, -2*y + 3*t = -4*y + 84. What is the highest common factor of 24 and y?
12
Let l(m) = 4*m + 2 - 1 - 3*m. Let x be l(4). Suppose -3*i = 6*q - 2*q - 162, -5*q - x*i = -200. What is the greatest common factor of 14 and q?
14
Let u(d) = 14*d - 1. Let y be u(1). Let q(a) = -4 + a + 6*a**2 - 2*a - 2*a. Let l be q(-4). Calculate the highest common factor of y and l.
13
Suppose 8*b - 41 = 127. Calculate the greatest common divisor of b and 147.
21
Suppose 4*y = -2*j + 22, 5*j - 5 = 4*j + y. Let x(g) = 27*g + 9. Let n be x(j). What is the greatest common factor of 18 and n?
18
Let f(a) = -a + 7*a**2 - a**3 - 2 + 5*a + 8. Let t be f(6). Calculate the highest common factor of t and 6.
6
Let n(l) = 6*l - 18. Let t be n(7). What is the greatest common divisor of 48 and t?
24
Let s be (-27)/(-7) - 2/(-14). Calculate the highest common divisor of s and 44.
4
Let y(t) = -t**2 + 1. Let l be y(-1). Suppose 0 = -l*s + 2*s - 2. Let m be (-11 - 1)*s*-1. What is the highest common divisor of 108 and m?
12
Suppose 0*k + 140 = 5*k. Calculate the greatest common factor of k and 42.
14
Suppose 5*u = -1 + 11. Let o = 4 - u. Suppose -h + 4*a = 6, -2*h - a + o*a = -9. Calculate the highest common factor of 12 and h.
6
Suppose 2*a + a = 567. Calculate the greatest common divisor of 63 and a.
63
Suppose 3*o - 4*o + 25 = 0. What is the greatest common divisor of o and 10?
5
Suppose 476 = 2*n + 2*n. Suppose 0 = j - 4 - 13. What is the highest common factor of n and j?
17
Let z = -47 - -108. Suppose -1 = 4*a - z. What is the greatest common divisor of a and 5?
5
Suppose -16*c = -15*c - 50. Suppose 3*v = -0 + 6, 0 = -x - 5*v + c. Calculate the highest common factor of 10 and x.
10
Let t = -23 + 33. Suppose -4*u = -t - 86. Calculate the highest common factor of u and 60.
12
Let f(l) = -7. Let w(t) = t - 8. Let h(j) = 3*f(j) - 2*w(j). Let m be h(-9). What is the greatest common factor of m and 65?
13
Suppose 0 = 2*m - 4*u - 30, 6*u - 1 = -m + u. Let z = 192 - 93. Calculate the highest common factor of z and m.
11
Let h be -18 + 5 + 6/(-3). Let b be (-2)/(-5) - (-51)/h. Let d be 1 + (114/b)/(-2). What is the highest common factor of 50 and d?
10
Let p = 38 + -32. What is the greatest common divisor of p and 78?
6
Let g be 203/21 - (-1)/3. Let m be 442/2 - (-4)/(-4). Suppose -5*c - f = -3*c - m, -5*f + 550 = 5*c. Calculate the greatest common divisor of c and g.
10
Suppose -a - 2 = -2*j, a = -a - 4. Suppose 13 = x - 4*t, 3*x = 2*t + 7 + 2. Let g be 0 - -16*(x - j). Calculate the greatest common factor of 16 and g.
16
Suppose 0 = 3*p + 5*c, 10 = -p - 7*c + 2*c. Let l(z) = z**3 - 4*z**2 - 3*z + 2. Let g be l(p). Calculate the greatest common factor of 24 and g.
12
Suppose -3*s + a = -101, -3*a - 40 = -4*s + 98. Let l = -55 - -77. What is the greatest common factor of s and l?
11
Suppose 6*c - 416 = 3*c - f, 3*f + 572 = 4*c. Calculate the highest common factor of c and 56.
28
Let w(j) = -j**2 - 7*j + 30. Let l be w(-9). What is the greatest common factor o